- -11. List the prime factors of v.
2, 29
Let o = -4 - -5. Let h be (92/(-6))/(o/3). List the prime factors of h/(-14) - 2/7.
3
Suppose -6*r + 332 + 40 = 0. What are the prime factors of r?
2, 31
Let q(w) = 3*w - 28. List the prime factors of q(12).
2
Let q be (-14)/((-4)/6*3). Suppose 4*n = -5*j + 10, 2*n - n - q = -2*j. Let r(u) = -u**3 + 5*u**2 + 7*u + 6. List the prime factors of r(j).
2, 3
Suppose -2*v = 18 - 4. Let x = v + 11. Suppose 8 = x*q - 0. List the prime factors of q.
2
Let f(s) = s - 10*s - 3 + s**3 + 2*s**2 - 11*s**2. What are the prime factors of f(10)?
7
Let b = 22 - 15. Let v = b + 41. What are the prime factors of v?
2, 3
Suppose 0 = 3*x - 6*x - b + 184, 3*b + 316 = 5*x. What are the prime factors of x?
2, 31
Suppose -5*i + 560 + 15 = 0. What are the prime factors of i?
5, 23
Suppose -3 = -f + 6. Let b be -1 + -1 + 1 + f. Suppose -5*w + 12 = -b. List the prime factors of w.
2
Let c(n) = n**3 + n**2 - 2*n. Let k be c(2). What are the prime factors of (38/k)/(2/16)?
2, 19
Let c be (-178)/(-14) - (-6)/21. Let j = c + -8. Suppose -156 = -5*t - j*f - 51, 5*t = -3*f + 97. List the prime factors of t.
17
Let t = 228 - 122. List the prime factors of t.
2, 53
Let y(q) = 202*q**3 - 2*q**2 - q + 3. What are the prime factors of y(1)?
2, 101
Let u(y) = -23*y**3 - 2*y + 1. Let d be u(1). Let v be d/(-9) + 1/3. Suppose 0 = 2*c + v*g - 24, 0 = 4*c - 6*g + 3*g - 30. What are the prime factors of c?
3
Suppose 3*p + 7 = 3*d - 17, -12 = d + 4*p. Suppose d*g - 15 = 25. List the prime factors of g.
2, 5
Suppose n + n + 3*y = 58, 3*y + 11 = n. What are the prime factors of n?
23
Let g(j) = j**3 - 8*j**2 + 2*j - 11. Let m be g(8). Suppose -3*l = -m*l + 16. List the prime factors of l.
2
List the prime factors of 57/76*4*4.
2, 3
Let s = -7 + 12. Let f(k) = 7*k + 1. Let t be f(1). What are the prime factors of ((-110)/t)/s*-4?
11
Suppose 3*g - 211 = -3*f + 80, 0 = 4*f + g - 403. What are the prime factors of f?
2, 3, 17
Suppose 4 = -4*i - 5*p, -3*i - 2*p + 2 = 3*p. Let u be -18*1/((-9)/i). Let y = u - -18. What are the prime factors of y?
2, 3
Let a be 8/(-6)*(-9)/(-6). Let o = a - -7. List the prime factors of o.
5
Suppose d = -4*d + 250. List the prime factors of d.
2, 5
Let f = -3 - -9. Suppose -75 = -f*v + v. What are the prime factors of v?
3, 5
Let o be -1*((3 - 6) + -43). Suppose -2*l = -o - 10. List the prime factors of l.
2, 7
Let r be -4 + (6 - (-9)/(-3)). Let s(w) = 4*w**2 - w - 1. What are the prime factors of s(r)?
2
Suppose -b + 0*b = 5. Let f be (1 - 0)*(5 + b). Suppose -5*r + 26 + 49 = f. List the prime factors of r.
3, 5
Suppose 0 = 3*j - 2*j - 4. Suppose 3*y - 6 = -4*i, 0 - 6 = j*i - 3*y. Suppose i = 2*a - 14 - 10. What are the prime factors of a?
2, 3
Suppose 2*c = -3*t - 10, 0 = -2*t + 3*t - c + 10. Let k = t - -9. What are the prime factors of k?
3
Let k = 5 - -1. Let d be 26/3*9/k. List the prime factors of (d - (3 + -5)) + 0.
3, 5
Suppose -4*k - 4*z + 184 = 0, 8*k - 2*z = 3*k + 265. List the prime factors of k.
3, 17
Let c be (2*-8)/(1*-1). Let g(w) = w**2 - 11*w + 3. Let v be g(11). What are the prime factors of (v/6)/1*c?
2
Let f be (-2)/((1 - 0)*2). Let t(s) = 15*s**2 - 1. Let y be t(f). List the prime factors of 4/y + (-164)/(-14).
2, 3
Let q(t) = 3*t - 6*t + 3*t**3 + t**2 - 9*t**3 - 2. Let d be q(-2). Suppose -4*z = 3*m - d, -5*m + 81 = 5*z - 4. What are the prime factors of m?
2, 3
Suppose -40 = -0*r - 5*r - 3*q, 0 = 4*r + q - 32. List the prime factors of r.
2
Let u = -3 + 9. Let v = 0 + -1. Let g = v + u. List the prime factors of g.
5
Let i = -17 + 41. Let d = -19 - -24. Suppose 9 = -d*p + i. What are the prime factors of p?
3
Let u(p) = -p**3 - 7*p**2 - 14*p - 5. What are the prime factors of u(-4)?
3
Let o(c) be the first derivative of c**2/2 - 2*c + 2. Let h be o(3). What are the prime factors of -2 + h*(13 - -2)?
13
Let a(k) = -2*k - 11. Let y be a(-8). Suppose 0 = -5*t + r + 31, y*r - 24 = -5*t + 1. What are the prime factors of t?
2, 3
Suppose 0 = -2*u + 17 + 53. List the prime factors of u.
5, 7
Suppose 3*a + 0*a = 87. What are the prime factors of a?
29
Suppose -9*d + 256 = -401. What are the prime factors of d?
73
Suppose 4*y - 3*i - 16 = 0, -24 = -3*y - y + i. Suppose m = 3*a - 26, 3 = 2*m + y. Suppose 4*d - a = 2*d. List the prime factors of d.
2
Suppose -3*t - 444 = -6*t. List the prime factors of t.
2, 37
Let m(h) = -h**3 + 4*h**2 + 2*h - 1. Let a be (-1)/(-2) - 47/(-2). Suppose 5*y + 5*s = 40, 0*y - 2*s + a = 4*y. List the prime factors of m(y).
7
Suppose 2*m + 4 = 3*i, 2*m + m = 3*i - 12. Let k = m + 6. Let o(p) = -p**3 - p**2 - 3*p - 2. List the prime factors of o(k).
2
What are the prime factors of ((-27)/(-4))/(-4 + 405/100)?
3, 5
Suppose 0 = 3*i - 5*y + 92, 4*y = 5*i - y + 140. Let z = -9 - i. List the prime factors of z.
3, 5
Let b = -37 + 92. Suppose -b = -g - 5*y, -g + 28 + 31 = y. Suppose 4*t - g = -t. List the prime factors of t.
2, 3
List the prime factors of 8/20 - (-76)/10.
2
Suppose 0*c - 6*c - 72 = 0. Suppose 30 = -4*f - 3*d + 6, 4*f = -d - 16. List the prime factors of f/c + 7/4.
2
Let h(v) = -v**3 + 2*v**2 + 2*v + 49. List the prime factors of h(0).
7
Let i(c) = c**3 + 12*c**2 - 15*c + 19. Let j be i(-13). Let g = 63 - j. What are the prime factors of g?
2, 3
Let o(m) = m**2 - 6*m + 10. List the prime factors of o(9).
37
Suppose -6*l - 11 = 7. Let r(d) = -d**3 - 3*d - 4. What are the prime factors of r(l)?
2
Suppose 0*o + 4*o - 4 = 0. What are the prime factors of -1 - o/(-2)*14?
2, 3
Let w(t) = -t**2 + 12*t - 10. Let s be w(11). What are the prime factors of (-30)/4*(-2)/s?
3, 5
Let r = -2 + -1. Let q = -3 - r. Let v = q - -2. What are the prime factors of v?
2
Let i(a) = -a**3 - 2*a**2 - a - 2. Suppose 5*k + 3*m + 16 = 0, -4*k + 5*m = 2 - 4. Let l be i(k). Suppose -x - x + 6 = l. What are the prime factors of x?
3
Let h(t) = -t**2 - 8*t - 7. Let z be h(-6). Suppose -3*o - z*i + 28 = -3*i, -2*o - 4*i = -16. List the prime factors of o.
2, 5
Let v(z) = 3*z + 41. List the prime factors of v(0).
41
Let n be (0 - (0 + 3))/(6/(-10)). Let c = -3 + 7. Suppose -n*v = -c - 21. What are the prime factors of v?
5
Suppose -2*b + 80 = 3*b. Suppose -4*t = b, -5*n - 5 - 3 = 2*t. What are the prime factors of 0 + 6 + -2 + n?
2
Let n(y) = y**2 + 5 + 0*y + 3*y + 3*y. Let i be n(-5). Let g(o) = o + 5. What are the prime factors of g(i)?
5
What are the prime factors of -3*3/3 + 25?
2, 11
List the prime factors of 1/(-6) + 1394/12.
2, 29
Let o = 56 - -178. List the prime factors of o.
2, 3, 13
Let j(z) = -9*z**3 + z**2 + z + 6. List the prime factors of j(-2).
2, 5
What are the prime factors of 24/(-16)*1004/(-6)?
251
Let o = 2 + 3. Suppose 5*h = -o*m + 60, -5*h - 6*m + 2*m + 63 = 0. What are the prime factors of h?
3, 5
Suppose -36 = 5*a + y, 2*a + 15 = -y - 0. Let k(g) be the second derivative of g**4/12 + g**3 + 2*g**2 - g. What are the prime factors of k(a)?
11
Suppose -5*u + 63 = -f, -2*f + 44 = 5*u - 25. Suppose -4*d + t = 18, 3*d + 0*t + 11 = 2*t. Let s = d + u. List the prime factors of s.
2
Let c = 6 - 0. What are the prime factors of c?
2, 3
Let p(h) = h**2 - 15*h - 8. Let c be p(13). What are the prime factors of (-2)/4*-8 - c?
2, 19
Let j(l) = -l**2 - 11*l + 6. Let p be j(-9). Let o = p - 10. List the prime factors of o.
2, 7
Suppose 4*s - 3*s - 2 = 0, -3*s = -4*p - 30. List the prime factors of (-3 + 9)*p/(-2).
2, 3
What are the prime factors of (-2364)/(-66) + 2/11?
2, 3
Let z = 21 + 59. What are the prime factors of z?
2, 5
Let r(i) = i**3 - 7*i**2 - 4*i - 5. What are the prime factors of r(8)?
3
Let s = 515 + -361. What are the prime factors of s?
2, 7, 11
Suppose x - 3*b - 55 = -6*b, 160 = 3*x + 4*b. What are the prime factors of x?
2, 13
Let a(q) = -2*q + 4. Let c be a(3). List the prime factors of ((-24)/(-30))/(c/(-45)).
2, 3
Let c(y) = -y**3 - 7*y**2 - 8*y + 7. What are the prime factors of c(-7)?
3, 7
Let q(y) = 9*y**2 - y + 2. What are the prime factors of q(-2)?
2, 5
Let m = 2 + -2. Let t be 1 + m/(-2 + 3). Let f = t + 11. List the prime factors of f.
2, 3
List the prime factors of (-84)/(-9)*(8 + -5).
2, 7
Let u(x) = -5*x - 4 + 6 - 4 + 2*x. Let c be u(-3). Let j = c - 4. List the prime factors of j.
3
Suppose -81 = -l - 2*l. Suppose 5*p - 3*b - l = -4*b, b + 21 = 3*p. List the